e?
True
Is 901308503 prime?
True
Is 11405708905 composite?
True
Is 3486454493 a composite number?
True
Is 1131935137 composite?
False
Is 17650785467 a composite number?
True
Is 6286577447 a prime number?
True
Is 217494581 prime?
True
Is 183851504797 composite?
False
Is 4207219927 a composite number?
False
Is 639944819 composite?
True
Is 71585777017 a prime number?
True
Is 37835035999 composite?
True
Is 1573076683 a composite number?
False
Is 535029419 prime?
True
Is 558922387 prime?
False
Is 38083907 composite?
True
Is 490343107 a composite number?
True
Is 665046943 a prime number?
False
Is 3578797849 a prime number?
False
Is 13095162221 a composite number?
False
Is 3979342963 composite?
True
Is 923619601 a composite number?
True
Is 404529809 prime?
True
Is 63004585177 prime?
True
Is 10895236741 composite?
False
Is 1913918079 composite?
True
Is 267024469 a composite number?
False
Is 7778268109 a prime number?
False
Is 107786255503 a composite number?
False
Is 81669998551 composite?
True
Is 8757919551 a composite number?
True
Is 22643539159 composite?
False
Is 1227854401 a composite number?
True
Is 710566733 composite?
True
Is 271133393 composite?
False
Is 15581591045 composite?
True
Is 126140771 composite?
False
Is 3574240987 composite?
False
Is 1077671989 prime?
True
Is 12299617829 a composite number?
False
Is 1032609793 composite?
True
Is 158211829 a composite number?
True
Is 12499999 prime?
True
Is 4131528977 composite?
False
Is 2818060017 composite?
True
Is 11408432621 a prime number?
False
Is 20147603185 composite?
True
Is 45701837751 a composite number?
True
Is 225679651 composite?
True
Is 1419775369 composite?
False
Is 958046059 prime?
False
Is 90744449 prime?
True
Is 87252563 prime?
False
Is 16246862483 a prime number?
True
Is 15342171385 a composite number?
True
Is 8560877761 composite?
False
Is 21423178633 composite?
False
Is 596362739 composite?
True
Is 5217862109 composite?
False
Is 6521452142 composite?
True
Is 58065991 a composite number?
False
Is 47362975547 a composite number?
False
Is 57928815037 prime?
True
Is 9625876009 a composite number?
False
Is 11705215769 composite?
True
Is 406665709 composite?
False
Is 89434361 prime?
True
Is 75461614133 a composite number?
False
Is 1620619867 composite?
False
Is 2300012089 a prime number?
False
Is 83342719 a prime number?
True
Is 23234935573 prime?
False
Is 51425649997 a prime number?
False
Is 19069123189 a prime number?
False
Is 30792145963 a composite number?
False
Is 46020473 a composite number?
True
Is 11035133471 a prime number?
True
Is 8415087781 a prime number?
True
Is 3881689319 a composite number?
False
Is 1352084917 composite?
False
Is 3578969341 a composite number?
False
Is 2166365833 prime?
False
Is 9249328523 composite?
False
Is 942406499 prime?
True
Is 44083522957 prime?
False
Is 67851873827 a composite number?
True
Is 2167572653 prime?
False
Is 43594129 composite?
True
Is 395223749 a prime number?
False
Is 339530437 composite?
True
Is 37827720689 prime?
False
Is 3215136521 prime?
True
Is 532763774 composite?
True
Is 20934913249 composite?
True
Is 16303984927 prime?
True
Is 21988820393 a composite number?
True
Is 17057019961 prime?
True
Is 4281817091 composite?
True
Is 17227865813 composite?
False
Is 79582591 a composite number?
True
Is 2142952241 prime?
True
Is 19254240017 composite?
False
Is 745969417 prime?
True
Is 5094589 prime?
False
Is 7984491899 a composite number?
False
Is 1775650627 a prime number?
False
Is 1034011831 prime?
False
Is 14310342779 composite?
True
Is 165993479 prime?
True
Is 10909652961 prime?
False
Is 33167738243 composite?
True
Is 4008427721 a composite number?
True
Is 1642898891 composite?
True
Is 39229693681 a composite number?
False
Is 522576182 a prime number?
False
Is 1636735917 prime?
False
Is 577219607 composite?
True
Is 48153668513 composite?
True
Is 5516418389 composite?
False
Is 6842096197 composite?
True
Is 714734833 a prime number?
False
Is 14088439969 a prime number?
False
Is 30897351427 a composite number?
False
Is 12038789597 prime?
True
Is 3424245823 a prime number?
False
Is 224539661 a composite number?
False
Is 2375798993 prime?
False
Is 17841045119 composite?
False
Is 177064694273 a composite number?
False
Is 8434600033 a composite number?
True
Is 545743867 prime?
False
Is 3306139937 composite?
False
Is 12451077157 prime?
True
Is 7156221397 a composite number?
True
Is 31079663 a prime number?
True
Is 7294529089 a prime number?
False
Is 128641784221 a composite number?
True
Is 77144358127 a composite number?
False
Is 5458454449 a composite number?
True
Is 5114821013 a prime number?
False
Is 16737057823 a composite number?
False
Is 650340407 a prime number?
False
Is 184899286093 a composite number?
False
Is 251554438801 composite?
False
Is 13071288847 composite?
True
Is 26788592483 a prime number?
False
Is 5296789583 composite?
False
Is 73721694415 a prime number?
False
Is 76489267 a prime number?
False
Is 401744831 prime?
False
Is 14841069527 prime?
True
Is 479122503 a composite number?
True
Is 6662019757 a prime number?
True
Is 637353251 a prime number?
True
Is 1502982091 prime?
False
Is 1478236447 prime?
False
Is 5143170541 a composite number?
True
Is 885127043 composite?
True
Is 16624441499 composite?
False
Is 667474367 a prime number?
False
Is 761280763 a prime number?
True
Is 90667849151 composite?
True
Is 1900526899 prime?
False
Is 3264213839 composite?
False
Is 2985691461 a prime number?
False
Is 1005318337 prime?
False
Is 954584383 a prime number?
True
Is 19989951953 a composite number?
True
Is 29727240047 prime?
False
Is 199099049 a composite number?
False
Is 3704733707 composite?
True
Is 146451326401 prime?
True
Is 33148601419 a prime number?
False
Is 9043998365 a prime number?
False
Is 1658908103 a composite number?
True
Is 242931813 composite?
True
Is 135997614839 a prime number?
False
Is 2163713423 composite?
False
Is 36550850213 a composite number?
False
Is 4193842187 composite?
False
Is 3340893859 composite?
True
Is 180906043 a composite number?
False
Is 1126559983 prime?
False
Is 718576819 prime?
False
Is 5109450523 a composite number?
False
Is 12226813741 a prime number?
True
Is 2649895789 prime?
False
Is 1055347577 prime?
True
Is 4295505509 prime?
False
Is 364027819 composite?
False
Is 294556102223 a composite number?
False
Is 37615177 a composite number?
False
Is 92193611 prime?
True
Is 3015131555 prime?
False
Is 9420558559 a composite number?
False
Is 227178221053 a prime number?
False
Is 67963908641 prime?
True
Is 19393386301 a prime number?
True
Is 63146244989 a composite number?
False
Is 4846940543 a composite number?
False
Is 237190693 a composite number?
True
Is 16660935481 a composite number?
False
Is 28847741683 a prime number?
True
Is 2923247759 prime?
False
Is 24412380689 a prime number?
False
Is 17720333009 a composite number?
False
Is 3866213357 a composite number?
False
Is 103036145885 a prime number?
False
Is 29909216821 a composite number?
True
Is 10671504853 composite?
False
Is 2460998101 a composite number?
True
Is 29699768027 prime?
True
Is 420455809 composite?
False
Is 970099829 a prime number?
True
Is 1258729401 composite?
True
Is 242027977 a prime number?
True
Is 515557477 a composite number?
True
Is 27862613 a prime number?
True
Is 605346559 composite?
False
Is 15631447291 prime?
True
Is 467229509 prime?
True
Is 90494104339 composite?
False
Is 885125057 a prime number?
True
Is 90811243 a composite number?
False
Is 232653371 composite?
False
Is 15665195661 prime?
False
Is 737609459 composite?
True
Is 254424719 prime?
False
Is 48573949049 prime?
True
Is 39181027607 a composite number?
True
Is 3345135919 prime?
True
Is 21440749153 a composite number?
False
Is 1819792367 a prime number?
True
Is 24054000211 composite?
True
Is 910595537 a composite number?
True
Is 10672293 prime?
False
Is 4576787461 prime?
True
Is 107053845671 a prime number?
True
Is 3967341619 prime?
True
Is 6346694093 prime?
False
Is 8773180987 composite?
True
Is 2617028459 a prime number?
True
Is 18022780811 prime?
False
Is 2000228489 a prime number?
False
Is 113272001 a composite number?
True
Is 17350149373 a composite number?
False
Is 83597197 prime?
True
Is 302409777 composite?
True
Is 564166151 composite?
False
Is 9